 = -g**2 + 288*g - 9486. Let n be q(38). Calculate the greatest common factor of n and 53242.
14
Let a(l) = 19*l**3 - 13*l**2 - 4*l + 3. Let h be a(1). Let n = -169 + 239. Suppose h*x - n = 5. What is the highest common factor of x and 30?
15
Suppose -3*j + 2*s - 6 = 7, 4*j + 14 = s. Let l be (-10)/(-1)*(j + (11 - 5)). Calculate the greatest common divisor of l and 330.
30
Suppose 10*k - 24 = 4*k. Suppose 3*x - k = x. Suppose -x*m = m - 21. What is the highest common divisor of 7 and m?
7
Let i be (0 + 101 + 5)/((-2)/(-1)). Suppose 57*n - 456 = i*n. Calculate the highest common factor of n and 6.
6
Suppose 255 - 327 = -6*m. Let f be 36*m/126*14. What is the highest common divisor of f and 32?
16
Let b(y) = -10*y**3 + 9*y**2 - y - 2. Let x be b(-3). Suppose -x = 2*v - 10*v. What is the highest common factor of 506 and v?
22
Let h be (-249 - -361)*(-380)/(-7). What is the highest common divisor of 190 and h?
190
Let m(o) = -3*o**3 + o**2 + 4*o + 2. Let s be m(0). What is the highest common factor of s and 242?
2
Let d be ((-117)/(-3))/(162/(-54))*-41. What is the highest common divisor of 1664 and d?
13
Let b(o) = 2*o**3 + 21*o**2 + 23*o + 224. Let x be b(-8). What is the highest common divisor of 120 and x?
120
Suppose -8 = 52*p - 54*p, 2*o - 5*p = 652. Let l be o/(-63)*18/(-8). Calculate the greatest common factor of 3 and l.
3
Suppose -187*u = -352286 - 39105. What is the highest common divisor of u and 364?
91
Let w = 68 - 31. Suppose -w*p = -38*p + 56. Let k = 38 + -30. Calculate the greatest common factor of k and p.
8
Let a = 72 + -32. Let p = a + -45. Let v = 70 - p. What is the highest common factor of v and 30?
15
Let u = 14441 - 14391. Calculate the highest common factor of u and 3670.
10
Suppose 2*y = -6*y + 3*y. Suppose -10*v - l + 66 = -5*v, y = -2*v + 4*l + 44. Let j be 19/4*(-1 + 3)*v. What is the highest common divisor of 19 and j?
19
Let w = -13 + 35. Let d(a) = 58*a - 32. Let n be d(4). Let h = n + -24. Calculate the greatest common divisor of h and w.
22
Let t be 89/((30/(-100))/(12/(-5))). Suppose -i - t + 880 = 0. Calculate the highest common divisor of i and 6.
6
Let b be 56 + (-6)/3 - 1. Let d = 81 - b. Calculate the greatest common factor of d and 8.
4
Let q be 10*1 + 1/1. Suppose -430*v = 2*t - 427*v - 2, v + 1 = t. Calculate the greatest common factor of t and q.
1
Let f be -1 + 3 - (-21)/(63/264). Let a(k) = k**3 - 10*k**2 + 18*k - 7. Let t be a(8). Calculate the greatest common divisor of f and t.
9
Suppose -3*y - 3*k = -18 - 57, -4*y = -k - 90. Let b be 2/(-3) + (-1 - (-55)/33). Suppose b = 7*f - 1679 + 391. Calculate the highest common factor of y and f.
23
Suppose 2*l = -g + 6*l + 1, 2*g + l - 2 = 0. Let v be ((-49)/84*9)/(g/(-24)). What is the greatest common divisor of 28 and v?
14
Let h(k) = 2*k**3 - 25*k**2 - 14*k + 21. Let r be h(13). Suppose c = y + 3 - r, -3*y + 11 = -c. Calculate the highest common factor of y and 33.
3
Let a(f) be the first derivative of -10*f**2 - 84*f + 32. Let i be a(-11). Calculate the greatest common factor of i and 170.
34
Let h be 120/18 + -6 + 175/3. Let q = h + 4. Calculate the highest common factor of 9 and q.
9
Let n(t) = 3*t**2 - 24*t - 21. Let w be n(9). Suppose w*i - 593 = -521. Calculate the highest common factor of i and 15.
3
Suppose 5*p + 13 - 51 = 4*h, p + 2 = -4*h. Suppose -3*n + p*n - 5*w = 34, -n = 3*w - 30. Let o = n - -50. What is the greatest common factor of 4 and o?
4
Let t(s) = -212*s**2 - 1. Let k be t(-1). Let j = -188 - k. Calculate the highest common divisor of 225 and j.
25
Let l be 3*338*(-9)/(-54). What is the greatest common divisor of l and 3?
1
Let f = -5445 - -5447. What is the greatest common divisor of 14 and f?
2
Suppose 6*n - 75 = 87. Suppose -39*v + 38*v = -3. Suppose -v*g + 0*s + 2*s = -46, 3*g - 50 = s. What is the highest common factor of n and g?
9
Suppose 0 = -0*c - 8*c + 216. Let l be (-119)/(-9) - (222/c + -8). What is the greatest common factor of 13 and l?
13
Let j = 6580 - 6085. What is the highest common divisor of 720 and j?
45
Let b be (-2 + 1)/((-2)/(-4)). Let g be (-58)/(b/(-2 - -3)). Let d be 44 + 126/(-7 - -16). What is the greatest common divisor of g and d?
29
Let l = 108 + 142. Let n be (-1)/4 + l/40. Calculate the greatest common factor of 6 and n.
6
Let l = 501 + -198. Calculate the greatest common divisor of l and 1717.
101
Let k = 288 + -198. Let c = -76 + k. Suppose 0 = u - 4, j + 24 = 3*j + 5*u. Calculate the highest common divisor of j and c.
2
Let o be 10*140/200*160/2. Calculate the greatest common factor of o and 35.
35
Let z = 145 + -133. Let x be (-25)/(-150) + (-1 - (-622)/z). What is the greatest common factor of x and 34?
17
Suppose 2*l = 4*b + 1987 + 355, -b + 5*l = 599. Let z be (b/(-73))/(2 + (-734)/368). What is the greatest common divisor of z and 23?
23
Let w be (-31704)/108*-9 + -3. What is the highest common factor of w and 91?
91
Let l = -610 - -702. Let k be (26 + 1)*l/69. Calculate the greatest common factor of 45 and k.
9
Let t be 2 - 6 - (-109736)/44. Calculate the greatest common factor of 60 and t.
30
Suppose 5*s - 18342 = -2*m + 13638, 3*s + 4*m = 19188. What is the highest common factor of s and 39?
39
Let w = 58 + -34. Let j(t) = -t**3 + 13*t**2 - 18*t - 36. Let l = 791 + -780. Let c be j(l). Calculate the greatest common factor of w and c.
8
Let k(j) = 18*j**3 + 5*j - 163*j**2 + 84*j**2 + 77*j**2 - 6. Let h be k(3). What is the highest common divisor of 53 and h?
53
Let q be (4 - 7)*(-2)/3. Suppose 1 = -q*r + 25. Suppose -29*j = -26*j - 15, 5*n - 315 = -3*j. Calculate the greatest common factor of n and r.
12
Suppose -100*c + 104*c = -264. Let o be (1 + 0 - c) + 205/(-41). Let d = -213 + 368. What is the highest common divisor of d and o?
31
Suppose 0 = -4*t + 3*g + 60 + 9, g = -3*t + 42. Let y = t + 95. Calculate the highest common divisor of 22 and y.
22
Let f be 8/((1/(-45))/(24/(-40))). What is the highest common factor of f and 80?
8
Let f(y) = 7*y**2 + 2*y - 4. Let g be f(2). Suppose 4*m + g = 8*m. Let a = m + 1. What is the highest common factor of a and 72?
8
Let d = -1807 - -607. Let o be ((-12)/(-30))/(6*(-5)/d). Calculate the greatest common divisor of o and 4.
4
Let l = -1837 - -2818. Calculate the highest common divisor of 72 and l.
9
Let f = -651 - -654. Let r be 4/f*(29 - (-8 + 7)). What is the highest common divisor of r and 56?
8
Let j(i) = 7*i**3 - 54*i**2 + 42*i - 206. Let n be j(9). What is the greatest common factor of 17 and n?
17
Let j(v) = -v**3 - 8*v**2 + 13*v - 52. Let c be j(-10). What is the greatest common divisor of c and 8334?
18
Let b = 1 + 11. Let w(p) = -p**2 + 6*p + 39. Let v be w(9). Suppose m - v = -m. Calculate the greatest common divisor of b and m.
6
Let m be (-106 - -98)/(2/(-58)). What is the greatest common divisor of 3712 and m?
232
Let i(v) = -2*v**2 + 19*v + 8. Let l be i(-4). Let w = 121 + l. Calculate the highest common divisor of w and 3.
3
Suppose -2*m + 86 = -3*o, -22*m = -21*m - o - 46. What is the highest common factor of m and 806?
26
Suppose 0 = 21882*a - 21864*a + 23841 - 116451. What is the highest common divisor of a and 35?
35
Let a be 2/12 - ((-1694)/12)/11. Suppose a*t = 133 - 29. What is the highest common factor of 3 and t?
1
Suppose 10*p + 352 = 12*p. Suppose -18*o - p = -20*o. Let l be ((-16)/5)/2*-5. What is the greatest common divisor of l and o?
8
Let p be (-4)/(-1) - (-3)/(18/3018). What is the highest common factor of 104 and p?
13
Suppose 48*n + 5*n - 21945 = -3183. Suppose 2*l = -5*x + 35 + 78, -3*l = -3*x - 180. What is the greatest common divisor of l and n?
59
Suppose z - 227 = 3*c - 5*c, -4*z - 587 = -5*c. Suppose -165 = -5*g + 2*s, 3*s + 55 = 5*g - c. Calculate the greatest common divisor of g and 403.
31
Suppose 37*j - 109672 = 7914. Calculate the greatest common factor of 182 and j.
14
Suppose -121*r + 1233539 = 169426 - 732495. What is the highest common divisor of 29 and r?
29
Suppose 38*m - 14750 = 71586. What is the highest common factor of m and 32?
32
Let k = 59 + -46. Let b be (-6)/4*26/k. Let o be -4*(-16 - b) - 3. Calculate the highest common divisor of 7 and o.
7
Let o(i) = -i**2 - 20*i - 14. Let p be o(-19). Suppose s + 480 = p*s. Calculate the highest common divisor of s and 180.
60
Let n be 8/3*(-